Let j = -13 - -8. Let w be (-4)/j*15/6. What is the remainder when 44 is divided by w - ((-11)/1 - 2)?
14
Let d(f) = 2*f**2 + 2*f - 4. Let u be 19/7 - (-6)/21. Calculate the remainder when 59 is divided by d(u).
19
Suppose -16 - 14 = -2*f + 2*z, 0 = -3*f - 3*z + 27. Calculate the remainder when 21 is divided by f.
9
Let k(y) = -y**2 - 9*y - 1. Let q be k(-7). Suppose z + 3 = q. Calculate the remainder when 27 is divided by z.
7
Let o = -5 - -21. Calculate the remainder when 79 is divided by o.
15
Let i(f) = 10*f**2 - 2*f. Calculate the remainder when i(2) is divided by 13.
10
Suppose -10*w + 826 = 216. What is the remainder when w is divided by 8?
5
Suppose 2*g - 30 - 28 = 0. What is the remainder when g is divided by (-4)/3*15/(-2)?
9
Let l(n) = -9*n**3 - n**2 + 1. Let y be l(-1). Let a = -1 - -5. Let g = y - a. Calculate the remainder when g is divided by 2.
1
Suppose 5*o - 2*w - 815 = 0, -7 = -3*o - w + 471. Calculate the remainder when o is divided by 41.
38
Suppose -9 = 3*a, 5*g + 0*g = -2*a + 34. What is the remainder when 14 is divided by g?
6
Let w(t) = -8*t - 1. Suppose -2*z - 3*z = -3*k - 7, -4*k = -2*z + 14. What is the remainder when w(z) is divided by 3?
1
Suppose 0 = c - 5*q - 29, -c - 2*q = -64. Let l(b) = b**3 + 7*b**2 + 7*b - 1. Calculate the remainder when c is divided by l(-5).
12
Let j be 17/(-5) - 4/(-10). Suppose -u + 4*l - 40 = -3*u, 0 = 3*u + l - 55. What is the remainder when (-1 - j)*(-51)/(-3) is divided by u?
16
Let b(h) = -1 - 14*h**3 - h + 1. What is the remainder when 1*(11 + 0)*4 is divided by b(-1)?
14
Let k be 1/(-2 + 61/30). Let v = k - -24. Suppose 4*l = 2*w - 0*w - 12, 2*l = -4*w + 64. Calculate the remainder when v is divided by w.
12
Suppose 0*y = -5*y + 115. Calculate the remainder when y is divided by 12.
11
Let f(t) be the second derivative of 5*t**4/12 + t**3/6 - t**2/2 - 2*t. Let g be f(1). Calculate the remainder when 243/g + 14/35 is divided by 17.
15
Let d(a) = -a**2 + 7*a - 4. Suppose 2*h = 7*h - 30. Calculate the remainder when 7 is divided by d(h).
1
Let y = 19 + -3. Suppose -g + 4*g - 4*f = 14, 0 = g - 2*f - 4. Suppose -4*z - u = -124, 2*z + g*u = 3*u + 62. What is the remainder when z is divided by y?
15
Let c = -13 + 23. Calculate the remainder when 29 is divided by c.
9
Let t(g) = -21*g - 10. Calculate the remainder when t(-1) is divided by 3.
2
Suppose -3*z + i + 50 = 0, -z - 3*i = 4*z - 60. Let q = -74 + 131. Calculate the remainder when q is divided by z.
12
Let n(s) = -s**3 + 5*s**2 - 2*s - 3. Calculate the remainder when 19 is divided by n(4).
4
Let z = -4 + 29. What is the remainder when 74 is divided by z?
24
Suppose 4*a + 3*n - 221 = 258, 3*a + 3*n = 357. Calculate the remainder when a is divided by 25.
22
Let c(l) = -3*l + 2. Let x(w) = 6*w + 7. Calculate the remainder when x(12) is divided by c(-6).
19
Let f(o) = o**3 - 6*o**2 - 5*o - 1. What is the remainder when 24 is divided by f(7)?
11
Let t(j) = -2*j + 3. Let p(a) = 2*a**2 - 1. Let d be p(2). Suppose 2*f - 4*m = 36, 3*f + d*m = 2*m - 1. Calculate the remainder when t(-5) is divided by f.
5
Let u = 16 + -20. Let g = 2 - u. What is the remainder when g is divided by 4?
2
Let q = 45 - 20. What is the remainder when 72 is divided by q?
22
Suppose 56 = 3*w - 16. Suppose 3*q = 9 + w. Calculate the remainder when 31 is divided by q.
9
Let k be 2 + -1 - (0 + -3). Suppose 3*q - 128 = q - k*x, -3*x - 165 = -3*q. What is the remainder when q is divided by 12?
10
Suppose -5*p = 3*m - 2*p - 42, m + 4*p = -1. Calculate the remainder when m is divided by 4.
3
Let j = -38 + 64. Suppose b + 0*b = 9. What is the remainder when j is divided by b?
8
Suppose 0 = -y + 5*c + 23, -c - 9 = -5*y + 154. Calculate the remainder when y is divided by 17.
16
Let d = 8 + -5. Suppose -2*x - 2*p + d*p = -5, p = x - 1. Suppose x*n - 11 = 45. What is the remainder when 41 is divided by n?
13
Suppose -4*z - 6*h = -3*h - 13, -z = -3*h + 8. Let d be 100/(-6) + (-3)/9. Let b = 18 + d. Calculate the remainder when z is divided by b.
0
Suppose 5*r = -27 + 102. What is the remainder when r is divided by 4?
3
Let i(y) = -3*y**2 - 2*y + 2. Let g be i(4). Let t = -35 - g. Let w(a) = -a**2 + 13*a - 6. What is the remainder when w(6) is divided by t?
17
What is the remainder when 0 + 4 + 648/12 is divided by 15?
13
Calculate the remainder when (40 - 17) + 1*2 is divided by 13.
12
Let s(y) = -3*y - 5. Let i(p) = p + 1. Let m(t) = 5*i(t) + s(t). Calculate the remainder when 23 is divided by m(4).
7
Suppose -3*d + 3*u = -132, 216 = 5*d - 3*u - u. Suppose 0*p + 2*p - d = 0. Calculate the remainder when 39 is divided by p.
19
Let a = -18 - -30. Calculate the remainder when 34 is divided by a.
10
Suppose 0 = 3*a + n + 2*n + 42, -2*n + 8 = 0. Let k = a + 30. Suppose -s + 76 = 2*s + 2*f, 0 = -2*f + 10. What is the remainder when s is divided by k?
10
Let l = 12 - -97. What is the remainder when l is divided by 16?
13
Let x(c) = -c**3 - c**2 + 3*c. Calculate the remainder when 44 is divided by x(-3).
8
Suppose -q + 5*t = 22, 24 = 4*q + 5*t - 13. Suppose 2*i = v - i + q, -3*i = 2*v - 39. Calculate the remainder when v is divided by 7.
5
Suppose -2*t - 4 + 138 = 0. Calculate the remainder when t is divided by 14.
11
Let b(a) be the third derivative of -a**6/120 + 2*a**5/15 - a**4/6 - 3*a**3/2 + 3*a**2. What is the remainder when 34 is divided by b(7)?
10
Let k(x) = 2*x + 0 + 0 - 12 - 1. What is the remainder when k(10) is divided by 3?
1
Let p(a) = a**2 - 17*a - 12. Calculate the remainder when 99 is divided by p(19).
21
Let h = 16 - 32. Let q = 31 + h. Let b = -3 + q. What is the remainder when 22 is divided by b?
10
Let y(r) = -2*r + 3 + r**2 - 2*r - 5*r + r. Let w be y(8). What is the remainder when -1 - (w + 26/(-1)) is divided by 12?
10
Suppose -4*x + 7 = -3*f + 35, 2*f = -2*x + 14. Calculate the remainder when f is divided by 3.
2
Let q = 70 - 59. Calculate the remainder when q is divided by 7.
4
Let p(z) = -z**3 + 6*z**2 + 7*z + 5. Let g be p(7). Suppose 0*d + 2*d = -3*u + 61, 0 = -g*u + d + 119. Calculate the remainder when 45 is divided by u.
22
Suppose -100 = -4*k - k. Suppose -100 = -5*a + 4*o, -a = 6*o - 4*o - k. Let g = -2 + 9. What is the remainder when a is divided by g?
6
Let b(z) = z**3 + 6*z**2 - 4*z - 2. Suppose n - 2*n + 4 = 0. Suppose n*s + 16 + 4 = 0. What is the remainder when b(s) is divided by 15?
13
Let q = 39 - 28. Suppose 12*v + 42 = 14*v. What is the remainder when v is divided by q?
10
Let r = -10 + 10. Suppose r*s = 5*s - 65. Calculate the remainder when 36 is divided by s.
10
Suppose -4*g + 8*g + 104 = 0. Let i(q) = -63*q**2 + 2*q + 1. Let h be i(-1). Let m = g - h. Calculate the remainder when m is divided by 20.
18
Let d be (-1 - 14/(-4))*6. Let y be 56/10 - (-6)/d. Suppose -s - 15 = -y*s. Calculate the remainder when 8 is divided by s.
2
Suppose -i = 5*d + 8, 3*i + 2*d - 27 = 14. Suppose -100 = -4*v - 12. Let u = v + -13. Calculate the remainder when i is divided by u.
8
Let k(u) = 5*u**2 - 2*u - 9. Suppose 64 = 3*l - 35. Calculate the remainder when k(4) is divided by l.
30
Let m = 11 + -6. Suppose -10 = -m*s + 35. Calculate the remainder when s is divided by 4.
1
Suppose 5*v = -26 - 9. Let s = 15 + v. Let q = s - 5. Calculate the remainder when 4 is divided by q.
1
Calculate the remainder when 92/(-6)*6*(-6)/24 is divided by 7.
2
Suppose 0 = -4*z - 4*o + 132, -z - 2*z + 99 = -5*o. Let g = -20 + 29. Calculate the remainder when z is divided by g.
6
Suppose 0*k - 4*k = 5*l - 49, l - k - 8 = 0. Let o(x) = x + 45. What is the remainder when o(-20) is divided by l?
7
Let r(u) = -9*u - 57. Calculate the remainder when 96 is divided by r(-12).
45
Let h(w) = 2*w**3 - 4*w**2 + 2. Let m be h(3). Let n = m - 11. Calculate the remainder when 26 is divided by n.
8
Let l = 7 + -3. Suppose -5*b + l*b - 3*m = -9, -2*m = 5*b - 45. What is the remainder when 34 is divided by b?
7
Let t = 199 - 172. Calculate the remainder when t is divided by 23.
4
Suppose 2*f + 120 = 7*f. Let l(i) = -9*i + 7. Calculate the remainder when l(-7) is divided by f.
22
Suppose -k - 108 = -3*i, 2*k + 2*k - 128 = -4*i. Calculate the remainder when i is divided by 12.
11
Suppose -67 = -5*v + 43. Calculate the remainder when v is divided by 6.
4
Let n(u) = -9*u + 7. Let j be n(-5). Sup